 divided by 7645.
455
What is the remainder when 39800 is divided by 13042?
674
Calculate the remainder when 89080977 is divided by 2216.
2209
What is the remainder when 57370 is divided by 135?
130
What is the remainder when 1812806 is divided by 3440?
3366
Calculate the remainder when 148280 is divided by 101.
12
Calculate the remainder when 121011871 is divided by 24202372.
11
Calculate the remainder when 58251 is divided by 404.
75
Calculate the remainder when 83900279 is divided by 20.
19
Calculate the remainder when 39695787 is divided by 11.
10
What is the remainder when 600398 is divided by 75049?
6
Calculate the remainder when 143663395 is divided by 569.
568
What is the remainder when 3444542 is divided by 7146?
170
Calculate the remainder when 1598872 is divided by 1931.
4
What is the remainder when 10281459 is divided by 19772?
19
Calculate the remainder when 8894023 is divided by 4447011.
1
Calculate the remainder when 4637034 is divided by 821.
26
What is the remainder when 24899 is divided by 4316?
3319
What is the remainder when 86768396 is divided by 48?
44
Calculate the remainder when 1425217 is divided by 14.
3
What is the remainder when 233414 is divided by 455?
454
Calculate the remainder when 402332 is divided by 1173.
1166
Calculate the remainder when 7708522 is divided by 11.
8
Calculate the remainder when 142429 is divided by 104.
53
What is the remainder when 3930899 is divided by 6142?
19
Calculate the remainder when 6679560 is divided by 216.
192
Calculate the remainder when 358516 is divided by 1062.
622
What is the remainder when 3293837 is divided by 365918?
575
What is the remainder when 720281 is divided by 526?
187
What is the remainder when 45978911 is divided by 919578?
11
Calculate the remainder when 50930 is divided by 463.
0
Calculate the remainder when 36744 is divided by 854.
22
Calculate the remainder when 161353 is divided by 161063.
290
Calculate the remainder when 1389417 is divided by 830.
827
Calculate the remainder when 4638972 is divided by 149.
6
Calculate the remainder when 48059 is divided by 7962.
287
What is the remainder when 442255 is divided by 309?
76
What is the remainder when 40597 is divided by 20016?
565
Calculate the remainder when 7812797 is divided by 76.
73
What is the remainder when 59000 is divided by 8378?
354
Calculate the remainder when 335195 is divided by 10526.
8889
Calculate the remainder when 5014480 is divided by 1701.
1633
What is the remainder when 7358 is divided by 5541?
1817
Calculate the remainder when 7860467 is divided by 1572091.
12
What is the remainder when 3047362 is divided by 1658?
1616
Calculate the remainder when 5963756 is divided by 297.
293
Calculate the remainder when 1551505 is divided by 1551232.
273
Calculate the remainder when 941307577 is divided by 29.
28
What is the remainder when 65136004 is divided by 22?
10
What is the remainder when 2767157 is divided by 386?
309
Calculate the remainder when 4348660 is divided by 1449505.
145
What is the remainder when 28378444 is divided by 670?
594
Calculate the remainder when 43036688 is divided by 34.
32
Calculate the remainder when 13696183 is divided by 46.
5
Calculate the remainder when 1108 is divided by 18.
10
Calculate the remainder when 447072 is divided by 40639.
43
Calculate the remainder when 10508 is divided by 2083.
93
Calculate the remainder when 12703688 is divided by 481.
478
Calculate the remainder when 7921254 is divided by 259.
257
What is the remainder when 1941823 is divided by 18671?
39
Calculate the remainder when 1038313 is divided by 346096.
25
Calculate the remainder when 30810020 is divided by 639.
635
What is the remainder when 2323556 is divided by 3924?
548
What is the remainder when 920716 is divided by 72?
52
Calculate the remainder when 3239943 is divided by 1582.
7
Calculate the remainder when 10997638 is divided by 1162.
470
What is the remainder when 7298015 is divided by 1516?
1507
Calculate the remainder when 2487291 is divided by 4811.
4
Calculate the remainder when 90879191 is divided by 8.
7
Calculate the remainder when 82790 is divided by 1260.
890
What is the remainder when 212934 is divided by 1543?
0
Calculate the remainder when 8617969 is divided by 3257.
3204
Calculate the remainder when 69494 is divided by 4328.
246
What is the remainder when 92718 is divided by 4516?
2398
Calculate the remainder when 129567 is divided by 14392.
39
What is the remainder when 5044946 is divided by 99?
5
Calculate the remainder when 14056197 is divided by 1425.
1422
Calculate the remainder when 2535039 is divided by 1347.
1332
What is the remainder when 2227112 is divided by 1704?
1688
What is the remainder when 31938652 is divided by 7984663?
0
What is the remainder when 4502461 is divided by 1500749?
214
Calculate the remainder when 743515 is divided by 247772.
199
Calculate the remainder when 1110778 is divided by 2272.
2042
Calculate the remainder when 7635144 is divided by 1085.
1084
What is the remainder when 42490045 is divided by 21245018?
9
Calculate the remainder when 129008 is divided by 6447.
68
What is the remainder when 44830 is divided by 7457?
88
What is the remainder when 2817712 is divided by 27?
19
Calculate the remainder when 3536143 is divided by 153745.
8
Calculate the remainder when 17595007 is divided by 404.
403
Calculate the remainder when 1757276 is divided by 251039.
3
Calculate the remainder when 283536104 is divided by 434.
432
Calculate the remainder when 149848 is divided by 553.
538
What is the remainder when 1106559643 is divided by 4714?
4711
Calculate the remainder when 81190 is divided by 4775.
15
Calculate the remainder when 5044983 is divided by 369.
15
What is the remainder when 6168998 is divided by 186?
122
Calculate the remainder when 14442682 is divided by 208.
202
What is the remainder when 18756240 is divided by 40336?
0
Calculate the remainder when 13034826 is divided by 3350.
3326
Calculate the remainder when 48977622 is divided by 1103.
10
What is the remainder when 283004 is divided by 1015?
834
What is the remainder when 1250411 is divided by 20497?
94
What is the remainder when 2065637 is divided by 227?
164
Calculate the remainder when 812230 is divided by 29.
27
What is the remainder when 18074884 is divided by 1945?
1944
What is the remainder when 1184857 is divided by 394942?
31
Calculate the remainder when 262490 is divided by 1500.
1490
Calculate the remainder when 486073 is divided by 3739.
3
Calculate the remainder when 707628 is divided by 353786.
56
What is the remainder when 929604 is divided by 225?
129
Calculate the remainder when 131249714 is divided by 20.
14
What is the remainder when 21209362 is divided by 3570?
3562
Calculate the remainder when 83231 is divided by 7662.
6611
What is the remainder when 32647 is divided by 4376?
2015
What is the remainder when 54369205 is divided by 400?
5
What is the remainder when 22091 is divided by 562?
173
Calculate the remainder when 3555027 is divided by 14051.
124
Calculate the remainder when 22495792 is divided by 10779.
19
What is the remainder when 685518 is divided by 171355?
98
What is the remainder when 41051703 is divided by 139?
138
What is the remainder when 1090207 is divided by 4888?
183
Calculate the remainder when 517405 is divided by 51722.
185
Calculate the remainder when 2310992 is divided by 1291.
102
What is the remainder when 742715 is divided by 5087?
13
What is the remainder when 15617475 is divided by 10531?
2
Calculate the remainder when 5008670 is divided by 2504119.
432
Calculate the remainder when 65344 is divided by 12641.
2139
What is the remainder when 280564 is divided by 506?
240
Calculate the remainder when 635874 is divided by 211954.
12
Calculate the remainder when 373417912 is divided by 13.
10
What is the remainder when 445575 is divided by 67?
25
What is the remainder when 127919436 is divided by 21319903?
18
What is the remainder when 3054202 is divided by 837?
826
Calculate the remainder when 4975 is divided by 4843.
132
What is the remainder when 242222 is divided by 195?
32
Calculate the remainder when 10390725 is divided by 18.
9
Calculate the remainder when 1885051 is divided by 1885037.
14
What is the remainder when 